6. Let w be 2/q*(6 + 9). Let v(o) = o**3 + 8*o**2 + 5*o - 8. List the prime factors of v(w).
2, 3, 7
Suppose 1876551 - 257451 = 90*b. What are the prime factors of b?
2, 5, 7, 257
Suppose 2*z + 2*t - 6 = 4*t, 3*z + t - 5 = 0. Let g = z - 0. List the prime factors of g + (-560)/(-25) + (-2)/5.
2, 3
Let g = -28576 + 40562. List the prime factors of g.
2, 13, 461
Suppose 160*v - 8953871 - 4089009 = 0. What are the prime factors of v?
2, 40759
Suppose 0 = -47*d + 69*d - 29106. List the prime factors of d.
3, 7
Suppose 0 = 11*c - 11161 + 1404. Suppose 17*g - c = 3550. List the prime factors of g.
3, 29
Let u = -25909 + 53607. What are the prime factors of u?
2, 11, 1259
Suppose 2*q + 14 - 22 = 0. Suppose 556 = q*z - b + 5*b, 4*b = -4. Suppose 3*w = -2*w + z. List the prime factors of w.
2, 7
Let h(j) = -6*j - 96. Let r be h(-17). What are the prime factors of 4/24*-4*(-36)/r?
2
Let a(x) = 5*x**2 - 2*x + 1. Let u be a(1). Suppose 0 = 7*t - u*t. What are the prime factors of (-158)/(-4) + t - 3/(-6)?
2, 5
Suppose 2*x + 27*c - 29*c - 17856 = 0, 4*c - 8943 = -x. What are the prime factors of x?
3, 13, 229
Suppose 5*y = 4*y - 246. Let z be (2 - 6)/(2/71) - 0. Let a = z - y. What are the prime factors of a?
2, 13
Let t be 5 - -534 - (0 - 1)*2. Suppose 2*a + 733 - 2905 = -4*v, -v - a + t = 0. What are the prime factors of v?
5, 109
Let a(o) = -3*o**2 - 46*o - 13. Let c be a(-15). Let q(h) = 23*h**2 + h + 9. List the prime factors of q(c).
103
List the prime factors of (958/(-6))/(-2 + 455/231).
11, 479
Let w(h) = -12446*h**3 - h - 3. What are the prime factors of w(-1)?
2, 3, 17, 61
Suppose 46*s - 573278 = 330806. What are the prime factors of s?
2, 31, 317
Suppose -3*z + 76 = 24*j - 22*j, -3*z + 181 = 5*j. Suppose -j*d + 618 = -28677. What are the prime factors of d?
3, 31
Suppose -2*j - 10 = j - h, -2*j - 7 = -h. Let t be 7/((-28)/632)*(j - -1). List the prime factors of 1/(-3) - (-6)/(72/t).
2, 13
Suppose t = -1 + 4. Suppose -4 = b + t*b, 0 = 5*o - b - 1. Suppose 4*z - 3*z - 2*w = 61, -z - 3*w + 71 = o. What are the prime factors of z?
5, 13
Let y(w) = 127*w - 32. Let f be y(4). Let o = 952 - f. List the prime factors of o.
2, 7, 17
Let q(j) = j**2 + 5*j + 3. Let h be q(-5). Suppose 3*m = -h*f - 30, 0*f - 5*f = -2*m - 34. Let n = -5 - m. List the prime factors of n.
7
Let u(p) = 715*p**2 + 20*p - 60. List the prime factors of u(3).
3, 5, 11, 13
List the prime factors of (-459876)/(-20) + 132/60.
2, 5749
What are the prime factors of (-195)/25 + (-19)/95 - -24162?
2, 13, 929
Let p(n) = -3*n**2 + 4*n + 3. Let h be p(3). Let o = h - -28. Suppose -3*b + 2*t = -151, -2*t = -6*t + o. List the prime factors of b.
53
List the prime factors of -96*(0 + 7)*-11.
2, 3, 7, 11
Suppose 0 = -28*f + 27*f + 3. Suppose -x - 3*s = -379, -5*x + f*x = -2*s - 742. What are the prime factors of x?
373
Suppose x + k - 556 = 0, x - 532 = 3*k + 2*k. Suppose f = 4*l + x - 11, 1651 = 3*f - 5*l. What are the prime factors of f?
557
Let b(g) = 5*g**3 - 6*g**2 - 11. Let z be b(5). Let h = z + -12. List the prime factors of h.
2, 113
Let o(k) be the second derivative of -3*k**5/20 - k**4/12 + 3*k**3/2 + 306*k. List the prime factors of o(-6).
2, 3, 31
Let y be 4/18 - ((-166400)/(-117))/10. List the prime factors of (165/(-15))/(2/y).
11, 71
Suppose -28*v + 92339 = -19605. What are the prime factors of v?
2, 1999
Suppose 0 = -271*b + 273*b - 29882. What are the prime factors of b?
67, 223
Let b(d) = 4*d**3 - d**2 + 4*d + 6. Let g be b(-2). Let x = g + 42. What are the prime factors of (-2 + -2)/x - 70*-3?
11, 19
Let y = 414 - 303. Suppose 4263 = -108*x + y*x. What are the prime factors of x?
7, 29
Let l(a) = a + 7. Let x be l(-10). List the prime factors of (1/x - 132/99)*-753.
5, 251
Let k be (-1 + -3)*(-9)/12. Suppose n = d - n - 1, k*d - 3 = -4*n. Let m(x) = 66*x**3 - x**2. What are the prime factors of m(d)?
5, 13
Let k = -75 + 149. Let h = 516 - k. List the prime factors of h.
2, 13, 17
Let g = 11646 - -4195. List the prime factors of g.
7, 31, 73
Let o(t) = 31*t + 4. Let d be o(3). Let q be -2 - 4/(-1) - d. Let b = 138 + q. List the prime factors of b.
43
Suppose 3*k + 6 = 5*m, -2*k + 2*m - 6 = -2*m. Suppose -5*c + 4*c = -k*x + 80, 4*x = 3*c + 240. Let l = c + 138. What are the prime factors of l?
2, 29
Let g be ((4 - 1914)/(-5))/(18/(-45)). List the prime factors of -15 - -8 - g - 6.
2, 3, 157
Let w = -230 - -103. Let t = w + 144. What are the prime factors of t?
17
List the prime factors of -16 + (-90428)/(65/(-5)).
2, 5, 347
Let j(p) = -1947*p**3 - 5*p**2 + 2*p + 16. List the prime factors of j(-2).
2, 7, 139
Let z = -14541 - -19888. What are the prime factors of z?
5347
What are the prime factors of 321/(-214) - 15/(-35)*12082/4?
3, 431
Let s = 28380 - 6976. What are the prime factors of s?
2, 5351
Suppose 4 = 4*z + w - 11, 0 = -4*w - 4. Suppose -3*c + 261 + 263 = -z*v, 3*c + 2*v = 494. What are the prime factors of c?
2, 3, 7
Suppose 0 = 2*c - 3*r - 33, -2*c - 3*c + 2*r = -55. Suppose 22*l = c*l + 689. What are the prime factors of l?
53
Let y(l) = l**3 - 4*l**2 - 3. Let c be 0 - (1 + -3) - -5. What are the prime factors of y(c)?
2, 3
Let c be (-30)/10 + (2 - 1) + 2. Suppose -2*h - 3*x + 492 = 0, c = -5*h + h - 2*x + 992. What are the prime factors of h?
3, 83
Suppose -7*u + 10*u + 71712 = 0. List the prime factors of (2/4)/(-1)*u/48.
3, 83
Let b = -176 - -181. List the prime factors of 0 + b - (6 - -1114)/(-2).
5, 113
Let n(u) = 42*u**2 - 21*u - 8. Let a be n(-7). Suppose -26*o + 4199 = -a. List the prime factors of o.
2, 3, 41
Suppose j - 5 = 0, -30*v - 51987 = -33*v - 3*j. List the prime factors of v.
2, 61, 71
Let t(i) = 578*i + 307. List the prime factors of t(35).
11, 1867
Let w be 2/3*459/2. Let j = w - 30. What are the prime factors of j?
3, 41
Let m(r) = -16*r**3 - 45*r**2 - r + 11. Let i be m(-5). Let z = -292 + i. What are the prime factors of z?
599
Suppose 2*q = k - 14, 2*k - 5*q - 18 = 5. What are the prime factors of 1 + (-1)/((k/(-2188))/6)?
2, 137
Suppose -3*o + 12 = 0, 2*c - 26 = -4*o - 0*o. Suppose 11 - c = g. What are the prime factors of (12/3 - g)*-62?
2, 31
Let m(q) = 3*q + 38. Let j be m(-8). Suppose -j*k + 2691 + 3231 = 0. List the prime factors of k.
3, 47
Let g(s) = -5*s**3 - 2*s + 4*s**2 + 2 - 5*s**3 + 9*s**3. Let v be g(4). What are the prime factors of (-830)/(-30) + (-2)/v?
2, 7
Suppose 13*k + 0*k - 3302 = 0. Suppose 5*p + k = 4*u, -u - p + 44 + 24 = 0. What are the prime factors of u?
2, 3, 11
Let o(q) = -9*q - 44*q - 22709 + 22557. What are the prime factors of o(-8)?
2, 17
Let r(s) = -4*s - 39. Let t be r(-9). Let m be (-105)/(-70)*((-5)/t + 1). Suppose -m - 22 = -2*w. List the prime factors of w.
13
Suppose 3*o + 1293*f = 1290*f + 32427, 0 = 2*o - 3*f - 21653. List the prime factors of o.
2, 13
Let b be 0 - (2 - 5 - 2). Suppose -b*r = -309 - 436. What are the prime factors of r?
149
Let y(g) = 2*g**2 + 5*g + 10. Let s = 80 + -73. What are the prime factors of y(s)?
11, 13
Let i = 96960 - 66174. What are the prime factors of i?
2, 3, 7, 733
Suppose -18 = -4*j - 2. Suppose 5*v - 116 = -4*g + 36, -2*v - 152 = -j*g. Let o = -20 + g. List the prime factors of o.
2, 3
Suppose 11*t - 98550 + 14613 = 8584. List the prime factors of t.
13, 647
Let p(z) = 2073*z - 744. List the prime factors of p(6).
2, 3, 1949
What are the prime factors of 729585/75 + 33/15?
2, 5, 7, 139
Let m = 8428 - 4107. List the prime factors of m.
29, 149
Let l = -150 + 248. Let p = l - 26. Suppose 4*k = k + p. What are the prime factors of k?
2, 3
Let d be 9/(-12) - 375/(-20). List the prime factors of (d/(-2) - -6) + 151.
2, 37
Suppose -5*w + r = -174, -7*w + 2*w - 5*r = -180. Suppose w*n - 2*g - 1396 = 31*n, 1738 = 5*n + g. List the prime factors of n.
2, 3, 29
Let v(q) = 30*q + 75. Let u be v(23). Let y = u - -24. What are the prime factors of y?
3, 263
Let h = -796 + 5666. List the prime factors of h.
2, 5, 487
Let c be 4113/(-6) - 1*1/2. Let x = 195 + c. Let z = 710 + x. List the prime factors of z.
3, 73
Let i = -19170 + 58624. What are the prime factors of i?
2, 19727
Suppose 115*v - 120*v - 5*z + 87070 = 0, 5*v = -2*z + 87079. List the prime factors of v.
17417
Let p(c) be the first derivative of -c**4/4 - 5*c**3/3 - 3*c**2 + 3*c - 41. Let a be p(-4). Suppose -a 